ivided by 871?
19
What is the remainder when 2380 is divided by 297?
4
Calculate the remainder when 159 is divided by 9.
6
What is the remainder when 1120 is divided by 45?
40
What is the remainder when 109 is divided by 29?
22
Calculate the remainder when 536 is divided by 497.
39
Calculate the remainder when 332 is divided by 15.
2
Calculate the remainder when 181 is divided by 14.
13
What is the remainder when 108 is divided by 34?
6
What is the remainder when 10774 is divided by 12?
10
Calculate the remainder when 233 is divided by 45.
8
Calculate the remainder when 172 is divided by 9.
1
What is the remainder when 14 is divided by 8?
6
Calculate the remainder when 8095 is divided by 75.
70
Calculate the remainder when 7874 is divided by 202.
198
What is the remainder when 908 is divided by 132?
116
Calculate the remainder when 74 is divided by 57.
17
What is the remainder when 682 is divided by 225?
7
What is the remainder when 66 is divided by 20?
6
Calculate the remainder when 79 is divided by 15.
4
Calculate the remainder when 2873 is divided by 25.
23
What is the remainder when 378 is divided by 317?
61
What is the remainder when 1215 is divided by 23?
19
Calculate the remainder when 118 is divided by 16.
6
What is the remainder when 281 is divided by 9?
2
Calculate the remainder when 33 is divided by 33.
0
Calculate the remainder when 9587 is divided by 35.
32
Calculate the remainder when 62 is divided by 29.
4
Calculate the remainder when 330 is divided by 33.
0
Calculate the remainder when 96 is divided by 15.
6
Calculate the remainder when 3110 is divided by 41.
35
What is the remainder when 3606 is divided by 129?
123
Calculate the remainder when 201 is divided by 33.
3
What is the remainder when 150 is divided by 19?
17
What is the remainder when 145 is divided by 126?
19
What is the remainder when 225 is divided by 81?
63
Calculate the remainder when 110 is divided by 58.
52
Calculate the remainder when 797 is divided by 32.
29
What is the remainder when 326 is divided by 7?
4
Calculate the remainder when 483 is divided by 120.
3
What is the remainder when 147 is divided by 15?
12
What is the remainder when 494 is divided by 45?
44
Calculate the remainder when 812 is divided by 178.
100
Calculate the remainder when 869 is divided by 217.
1
Calculate the remainder when 33945 is divided by 246.
243
Calculate the remainder when 81 is divided by 21.
18
What is the remainder when 1694 is divided by 279?
20
What is the remainder when 8274 is divided by 93?
90
Calculate the remainder when 243 is divided by 63.
54
What is the remainder when 2259 is divided by 161?
5
What is the remainder when 1650 is divided by 18?
12
Calculate the remainder when 1177 is divided by 118.
115
Calculate the remainder when 8 is divided by 2.
0
Calculate the remainder when 16686 is divided by 14.
12
What is the remainder when 155 is divided by 29?
10
Calculate the remainder when 316 is divided by 46.
40
What is the remainder when 42 is divided by 10?
2
Calculate the remainder when 1018 is divided by 336.
10
What is the remainder when 10 is divided by 10?
0
What is the remainder when 521 is divided by 121?
37
What is the remainder when 1570 is divided by 308?
30
What is the remainder when 7977 is divided by 35?
32
Calculate the remainder when 125 is divided by 27.
17
Calculate the remainder when 956 is divided by 320.
316
What is the remainder when 5091 is divided by 2535?
21
Calculate the remainder when 862 is divided by 97.
86
What is the remainder when 69 is divided by 30?
9
What is the remainder when 147 is divided by 75?
72
What is the remainder when 2879 is divided by 36?
35
Calculate the remainder when 248 is divided by 86.
76
Calculate the remainder when 6568 is divided by 90.
88
Calculate the remainder when 4496 is divided by 30.
26
Calculate the remainder when 43 is divided by 16.
11
What is the remainder when 719 is divided by 150?
119
Calculate the remainder when 126 is divided by 38.
12
Calculate the remainder when 153 is divided by 47.
12
Calculate the remainder when 147 is divided by 28.
7
Calculate the remainder when 1625 is divided by 74.
71
What is the remainder when 269 is divided by 96?
77
What is the remainder when 3303 is divided by 118?
117
What is the remainder when 55 is divided by 24?
7
Calculate the remainder when 568 is divided by 14.
8
What is the remainder when 61 is divided by 30?
1
Calculate the remainder when 31 is divided by 31.
0
What is the remainder when 168 is divided by 9?
6
What is the remainder when 1874 is divided by 67?
65
What is the remainder when 816 is divided by 138?
126
What is the remainder when 46 is divided by 30?
16
Calculate the remainder when 207 is divided by 67.
6
Calculate the remainder when 325 is divided by 26.
13
Calculate the remainder when 779 is divided by 113.
101
What is the remainder when 277 is divided by 35?
32
Calculate the remainder when 4676 is divided by 31.
26
What is the remainder when 40 is divided by 10?
0
What is the remainder when 4818 is divided by 25?
18
What is the remainder when 23 is divided by 19?
4
Calculate the remainder when 187 is divided by 27.
25
Calculate the remainder when 24 is divided by 23.
1
Calculate the remainder when 2703 is divided by 8.
7
Calculate the remainder when 149 is divided by 55.
39
Calculate the remainder when 11519 is divided by 34.
27
What is the remainder when 505 is divided by 85?
80
Calculate the remainder when 1165 is divided by 16.
13
What is the remainder when 180 is divided by 28?
12
What is the remainder when 3376 is divided by 21?
16
Calculate the remainder when 305 is divided by 104.
97
Calculate the remainder when 247 is divided by 18.
13
Calculate the remainder when 522 is divided by 142.
96
What is the remainder when 77 is divided by 70?
7
What is the remainder when 139 is divided by 50?
39
What is the remainder when 471 is divided by 68?
63
What is the remainder when 99 is divided by 51?
48
What is the remainder when 405 is divided by 14?
13
Calculate the remainder when 61 is divided by 22.
17
What is the remainder when 1446 is divided by 239?
12
Calculate the remainder when 455 is divided by 76.
75
What is the remainder when 150 is divided by 30?
0
Calculate the remainder when 2059 is divided by 71.
0
What is the remainder when 338 is divided by 19?
15
Calculate the remainder when 444 is divided by 108.
12
What is the remainder when 188 is divided by 16?
12
Calculate the remainder when 175 is divided by 33.
10
Calculate the remainder when 51 is divided by 17.
0
Calculate the remainder when 836 is divided by 109.
73
Calculate the remainder when 283 is divided by 151.
132
What is the remainder when 325 is divided by 112?
101
What is the remainder when 301 is divided by 17?
12
Calculate the remainder when 109 is divided by 40.
29
Calculate the remainder when 2811 is divided by 127.
17
What is the remainder when 61 is divided by 40?
21
What is the remainder when 200 is divided by 41?
36
Calculate the remainder when 14803 is divided by 13.
9
Calculate the remainder when 671 is divided by 169.
164
What is the remainder when 742 is divided by 146?
12
Calculate the remainder when 1075 is divided by 47.
41
What is the remainder when 628 is divided by 37?
36
Calculate the remainder when 312 is divided by 35.
32
What is the remainder when 52 is divided by 6?
4
Calculate the remainder when 9636 is divided by 10.
6
What is the remainder when 2068 is divided by 8?
4
Calculate the remainder when 1258 is divided by 14.
12
What is the remainder when 165 is divided by 159?
6
What is the remainder when 742 is divided by 35?
7
What is the remainder when 125 is divided by 20?
5
Calculate the remainder when 503 is divided by 63.
62
Calculate the remainder when 104 is divided by 28.
20
What is the remainder when 314 is divided by 282?
32
What is the remainder when 514 is divided by 160?
34
Calculate the remainder when 17281 is divided by 116.
113
Calculate the remainder when 65 is divided by 55.
10
What is the remainder when 674 is divided by 17?
11
Calculate the remainder when 2229 is divided by 93.
90
Calculate the remainder when 46 is divided by 12.
10
What is the remainder when 48 is divided by 41?
7
What is the remainder when 502 is divided by 